er when g(6) is divided by u?
3
Suppose 36*h + 4638 = 14934. Calculate the remainder when h is divided by 22.
0
Let q(m) = m + 2. Let h be q(7). Suppose 0 = -3*o + 33 + h. What is the remainder when 39 is divided by o?
11
Suppose 0*d = -d - 1, -5*k + 126 = -d. Let q(j) = -j + 44. What is the remainder when q(k) is divided by 6?
1
Calculate the remainder when 228 is divided by (-2)/(42/(-497)) - 2/3.
21
Let d = -26 + 116. Suppose 0 = -2*p + d + 96. Suppose 3*m = 3*y - 126, y = -5*m - 21 + p. What is the remainder when y is divided by 16?
15
Suppose -25*w = -38*w + 1235. What is the remainder when w is divided by 54?
41
Let p(w) = 9*w**3 + 7*w - 6. Calculate the remainder when 48 is divided by p(1).
8
Let p = -175 - -17. Let q = -143 - p. Calculate the remainder when 74 is divided by q.
14
Suppose -9*g = 7*g - 592. Calculate the remainder when g is divided by 8.
5
Let f(w) = w**2 - 14*w + 22. Let g be f(12). What is the remainder when 7 is divided by -3 + (-2)/g + 6?
3
Let a(p) be the first derivative of -26*p**2 + 2*p - 8. What is the remainder when a(-1) is divided by 11?
10
What is the remainder when 198 is divided by (-1)/(-4) + 8/(192/594)?
23
Suppose -16*d + 38*d = 374. Calculate the remainder when 56 is divided by d.
5
Suppose 63*w = 55*w + 1392. What is the remainder when w is divided by 60?
54
Let j(y) = 3*y - 10. Let c be j(4). Suppose 0 = -2*z + z + 5*i + c, -2*z - i - 7 = 0. Calculate the remainder when (4 + -4)/z + 24 is divided by 7.
3
Let c = 37 - 67. Let v = 47 + c. What is the remainder when 32 is divided by v?
15
Let a(t) = -t**3 - 7*t**2 - 8*t + 2. Suppose 3*z + 7*z = 80. What is the remainder when a(-6) is divided by z?
6
Suppose 14 = v + 1. Let n = 66 - 24. Suppose 3*q = n + 30. What is the remainder when q is divided by v?
11
Suppose 4*g - 2*a - 185 = 209, 0 = -2*g + 2*a + 198. Let y = g - 48. Calculate the remainder when y is divided by 17.
16
Suppose -25 = -8*g + 15. Suppose t - g = -5*i, 2*t = 7*t + 4*i - 88. Calculate the remainder when 29 is divided by t.
9
Suppose 3*k + 152 = 7*k. What is the remainder when k is divided by 6/(-9)*(-20 + -1)?
10
Let a = 33 - -6. Let z(v) = v**2 - 6*v - 64. Calculate the remainder when a is divided by z(12).
7
Let r(i) = i**2 + i. Suppose d + 3 - 5 = 0. Let a = d + 5. Calculate the remainder when r(4) is divided by a.
6
Let d = -2 + 7. Suppose 4*r - o = -206, -4*r - 275 = 5*o - 81. Let q = -34 - r. What is the remainder when q is divided by d?
2
Let x(t) = -t**2 - 3*t - 3. Let q(h) = h**2 - 6*h + 6*h - 1 + 0*h. Let l(d) = 3*q(d) + x(d). What is the remainder when l(-5) is divided by 15?
14
Suppose -4*c + 8*c - 5*n = 79, -31 = -c + 5*n. Let l = 137 - 75. Calculate the remainder when l is divided by c.
14
Suppose 3*w - 50 = -4*o - 13, 0 = 4*o + 2*w - 38. Let k = 2 + o. Let q(f) = -f**3 - 2*f**2 - 5*f - 2. Calculate the remainder when q(-3) is divided by k.
10
Suppose x - 39 = -5*g, 2*g + x - 18 = -0*x. What is the remainder when 23 is divided by ((504/(-30))/g)/(1/(-5))?
11
Let h be -6*(-6)/2 - 1. Suppose -v = -0*v - h. Let n(d) = -d**2 + 6*d - 3. Calculate the remainder when v is divided by n(4).
2
Let t = 148 + 101. What is the remainder when t is divided by 21?
18
Let m(a) = -a**3 - 10*a**2 - 14*a - 2. Calculate the remainder when m(-9) is divided by 9.
7
Suppose 0*q + 14 = q. Let v = -4350 - -4391. What is the remainder when v is divided by q?
13
Let g = 855 - 434. Calculate the remainder when g is divided by 86.
77
Suppose 5*i + 60 = 11*i. What is the remainder when 37 is divided by i?
7
Let r(h) = -h**3 + 9*h**2 - 3*h + 6. What is the remainder when r(8) is divided by 16?
14
Let x = 692 + -657. Let l = 13 + 5. Calculate the remainder when x is divided by l.
17
Suppose 0 = -2*n - 5*a + 360 + 415, a + 1171 = 3*n. Calculate the remainder when n is divided by 79.
74
Suppose -2*z - 5*v + 161 = z, z - 5*v = 67. Suppose 2*h = 46 + 12. Calculate the remainder when z is divided by h.
28
What is the remainder when 61 is divided by (0 - -1)/((-5)/(-110))?
17
Let p(s) = -3*s + 8. Let u be p(-8). Suppose -21 = -6*z - 9. Suppose -j + z*q - 12 = -u, 20 = j + 3*q. What is the remainder when j is divided by 11?
9
Suppose -5*y - 4*f = 86, -2*f = -0 - 2. Let n be (228/y)/(1/(-3)). Suppose -4*o + n + 14 = 0. Calculate the remainder when 51 is divided by o.
12
Let h(z) = 2*z + 13. Let n be h(-4). Suppose 2*p - 2*f - 6 = 0, 2*f + f + n = p. Suppose 7*q = p*q + 65. What is the remainder when 38 is divided by q?
12
Suppose -5*l + 147 + 93 = 0. Suppose -10 + l = t. What is the remainder when t is divided by 10?
8
Let u(j) = j**3 + 7*j**2 + 5*j + 3. Let b be u(-6). Let a(d) = -d**3 + 9*d**2 - d + 14. What is the remainder when 12 is divided by a(b)?
2
Calculate the remainder when 288/28 - (-18)/(-63) is divided by 3.
1
Let p(c) = c + 4. Let m = -14 - -53. Suppose 36*x = m*x - 3. What is the remainder when x is divided by p(-3)?
0
Let j = -23 - -28. Let a = 18 - j. What is the remainder when 38 is divided by a?
12
Suppose -3*z - 2*g = -53, 3*z - 25 = 3*g + 2*g. Let t be 9/((-9)/(-8)) + -2. Suppose 57 = -t*h + 7*h. Calculate the remainder when h is divided by z.
12
Let i(l) = -12*l - 1. Let f be i(-1). Let o(y) = 8*y - 15. Suppose 390 = 32*z - 6*z. Calculate the remainder when o(f) is divided by z.
13
Let x(b) = -b**2 + 12*b + 15. Suppose -146 = -5*g + 4*h, -g + 8*h + 38 = 5*h. What is the remainder when x(7) is divided by g?
24
Suppose -3*m + 14 = 2*u - 2, 0 = -m + u + 12. Suppose 0 = -m*x + 64 + 24. What is the remainder when 32 is divided by x?
10
Let w = 32 - 19. Let g be 46/12 + (-4)/(-24). What is the remainder when w is divided by g/10*(-20)/(-2)?
1
Suppose -10*t = -9*t - 2. Suppose 5*w + 2*s = -3*s + 55, t*w + s - 22 = 0. What is the remainder when 54 is divided by w?
10
Let z be -78 - -3 - (0 - -3). Calculate the remainder when 31 is divided by (z/(-15) - 2)*5.
15
Let i = -5 - -24. Let v = i + 43. Suppose 0 = x - 5, -j - v = -4*j - 4*x. What is the remainder when 27 is divided by j?
13
Suppose -10*p = -4*p - 162. Calculate the remainder when p is divided by 18.
9
Suppose -5*x + 24 = -1. Suppose -r + m - 41 - 112 = 0, 153 = -r - x*m. Let j = -75 - r. Calculate the remainder when j is divided by 20.
18
Let d(r) = 3*r + 23. Let v be d(-7). What is the remainder when 75 + 0/v + -3 is divided by 25?
22
Calculate the remainder when 360 is divided by (1/(-4))/(2/(-3872)*4).
118
Let h(s) = s**3 - 2*s**2 + s - 1. Let a be h(2). Let y(t) = 24*t**3 - 3*t**2 + 2*t. What is the remainder when 159 is divided by y(a)?
21
Suppose 7*z = y + 2254, -6*z + 1288 = -2*z + 4*y. Calculate the remainder when z is divided by 9.
7
Suppose 12*k - 124 - 68 = 0. What is the remainder when 47 is divided by k?
15
Suppose j + 17*k - 21 = 16*k, 0 = -2*k - 8. What is the remainder when j is divided by 7?
4
Let p = 212 + 146. Calculate the remainder when p is divided by 41.
30
Let o = 228 + -214. What is the remainder when 278 is divided by o?
12
Let a(s) = 105*s + 35. Let t be a(-5). Let z = t - -698. What is the remainder when z is divided by 19?
18
Let z(y) = -2*y - 8. Suppose -84 = -10*n - 14. What is the remainder when n is divided by z(-6)?
3
Suppose 0 = -5*s + 3*v + 38, 3*s - 2*v = -0*v + 22. What is the remainder when s is divided by 2?
0
Let i(v) = 3*v. Let j be i(4). Let w(d) = -d**3 + 11*d**2 + 11*d + 15. Let y be w(j). Let k(a) = 12*a + 1. What is the remainder when k(y) is divided by 20?
17
Suppose -18338 = -30*p - 998. Calculate the remainder when p is divided by 58.
56
Let a = 38 - 36. Suppose 3*r + 402 = 3*b, -r = a*r. Calculate the remainder when b is divided by 27.
26
Let k = 12 - 21. Let p be 2/(-2)*(-8 - k). Let q(z) = -11*z**3 + z**2 + z. What is the remainder when 32 is divided by q(p)?
10
Let y(s) = -s**2 + 8*s + 6. Let h(i) = -i**2 - 5*i. Let r be h(-4). What is the remainder when y(r) is divided by 5?
2
Let g(l) = 2*l**3 - 3*l**2 + 3*l + 1. What is the remainder when g(6) is divided by 23?
21
Suppose 3*b - 48 = b. Calculate the remainder when b is divided by 17 - 28/(77/11).
11
Suppose 0 = 3*g + g - 32. Let u be g + (-6)/3 + 2. What is the remainder when 26 is divided by ((-63)/(-28))/(2/u)?
8
Suppose 36*c = 329 - 41. Calculate the remainder when 1099 is divided by c.
3
Let v be -3 - (0 - ((5 - 2) + -1)). W